and 90?
30
What is the greatest common divisor of 60 and 210?
30
What is the highest common factor of 438 and 18?
6
What is the highest common divisor of 4 and 5?
1
What is the highest common divisor of 2842 and 116?
58
What is the highest common divisor of 1730 and 10?
10
Calculate the highest common factor of 4 and 17.
1
Calculate the greatest common divisor of 440 and 2035.
55
Calculate the greatest common divisor of 1681 and 1025.
41
What is the greatest common divisor of 48 and 21?
3
Calculate the greatest common divisor of 21 and 7581.
21
What is the highest common divisor of 6 and 4218?
6
Calculate the greatest common divisor of 69 and 6693.
69
Calculate the highest common divisor of 720 and 9.
9
Calculate the greatest common divisor of 10 and 110.
10
Calculate the highest common divisor of 21 and 175.
7
What is the greatest common factor of 27 and 4887?
27
What is the greatest common factor of 2 and 2?
2
Calculate the highest common divisor of 16448 and 64.
64
Calculate the greatest common divisor of 18 and 4239.
9
What is the greatest common divisor of 144 and 34200?
72
Calculate the greatest common factor of 26271 and 7.
7
Calculate the highest common factor of 18 and 1002.
6
What is the greatest common divisor of 20 and 460?
20
Calculate the highest common factor of 10 and 30.
10
What is the greatest common factor of 1200 and 680?
40
Calculate the highest common factor of 1708 and 56.
28
Calculate the highest common factor of 15 and 69.
3
What is the greatest common factor of 973 and 556?
139
Calculate the highest common divisor of 338 and 13.
13
Calculate the greatest common divisor of 171 and 7011.
171
What is the highest common divisor of 222 and 999?
111
What is the greatest common divisor of 4932 and 36?
36
What is the greatest common factor of 40 and 24?
8
What is the highest common factor of 1 and 73?
1
Calculate the highest common factor of 174 and 17748.
174
What is the highest common divisor of 27 and 1719?
9
Calculate the highest common divisor of 99 and 77.
11
Calculate the highest common divisor of 12 and 4.
4
What is the highest common factor of 666 and 74?
74
What is the highest common factor of 3546 and 18?
18
What is the highest common factor of 20 and 820?
20
What is the greatest common factor of 16170 and 392?
98
What is the highest common divisor of 156 and 132?
12
Calculate the highest common divisor of 18 and 18.
18
What is the highest common divisor of 32 and 160?
32
Calculate the highest common factor of 135 and 240.
15
Calculate the highest common divisor of 644 and 112.
28
What is the highest common factor of 61175 and 25?
25
Calculate the greatest common divisor of 6017 and 77.
11
What is the highest common factor of 400 and 304?
16
Calculate the greatest common divisor of 1806 and 84.
42
Calculate the greatest common factor of 363 and 242.
121
What is the greatest common divisor of 24 and 216?
24
What is the greatest common factor of 250 and 50?
50
What is the greatest common divisor of 7155 and 53?
53
Calculate the greatest common divisor of 584 and 16.
8
Calculate the greatest common factor of 250 and 17875.
125
What is the highest common factor of 399 and 21?
21
What is the highest common factor of 162 and 48?
6
What is the greatest common factor of 437 and 19?
19
What is the greatest common factor of 21 and 133?
7
Calculate the highest common factor of 13 and 17589.
13
Calculate the greatest common factor of 155 and 62.
31
Calculate the highest common factor of 150 and 14550.
150
Calculate the highest common factor of 13536 and 1440.
288
What is the greatest common divisor of 32 and 2024?
8
Calculate the greatest common divisor of 36 and 16.
4
Calculate the greatest common factor of 224 and 497.
7
What is the highest common divisor of 43236 and 36?
36
Calculate the highest common factor of 62 and 61814.
62
What is the highest common factor of 170 and 578?
34
What is the greatest common divisor of 256 and 864?
32
Calculate the highest common factor of 26 and 962.
26
What is the highest common divisor of 9 and 19?
1
Calculate the greatest common divisor of 72 and 1053.
9
What is the greatest common factor of 104 and 8?
8
What is the highest common factor of 143 and 4411?
11
Calculate the highest common factor of 17280 and 270.
270
Calculate the greatest common factor of 148 and 74.
74
What is the greatest common divisor of 70 and 240?
10
What is the highest common divisor of 1463 and 77?
77
Calculate the greatest common factor of 10 and 1530.
10
Calculate the greatest common factor of 3020 and 300.
20
What is the highest common factor of 812 and 21721?
203
Calculate the greatest common divisor of 3405 and 45.
15
What is the greatest common factor of 830 and 2988?
166
Calculate the highest common factor of 1278 and 153.
9
What is the highest common factor of 306 and 162?
18
Calculate the highest common factor of 10 and 18.
2
What is the highest common factor of 184 and 24?
8
Calculate the greatest common divisor of 64 and 448.
64
What is the greatest common factor of 68 and 85?
17
What is the highest common factor of 98 and 1519?
49
What is the highest common divisor of 64 and 1528?
8
Calculate the highest common factor of 120 and 40.
40
What is the greatest common factor of 45498 and 6?
6
Calculate the greatest common factor of 2232 and 168.
24
What is the greatest common factor of 18 and 558?
18
What is the greatest common factor of 100 and 8?
4
Calculate the greatest common factor of 8118 and 1845.
369
Calculate the highest common factor of 567 and 21.
21
Calculate the greatest common divisor of 651 and 2387.
217
What is the highest common factor of 82 and 1066?
82
Calculate the highest common divisor of 567 and 35.
7
Calculate the highest common divisor of 176 and 121.
11
Calculate the greatest common divisor of 230 and 506.
46
What is the greatest common factor of 231 and 616?
77
What is the greatest common factor of 76 and 5092?
76
What is the greatest common factor of 55 and 125?
5
What is the greatest common divisor of 89708 and 164?
164
Calculate the greatest common factor of 203 and 841.
29
Calculate the greatest common divisor of 35090 and 290.
290
Calculate the highest common divisor of 38 and 8113.
19
Calculate the greatest common factor of 1 and 367.
1
What is the greatest common factor of 74 and 18944?
74
What is the greatest common factor of 309 and 102?
3
What is the highest common factor of 298 and 34?
2
What is the highest common divisor of 3232 and 2626?
202
What is the greatest common divisor of 162 and 216?
54
Calculate the greatest common factor of 27 and 1161.
27
Calculate the highest common divisor of 50 and 275.
25
Calculate the greatest common factor of 675 and 756.
27
Calculate the greatest common factor of 416 and 988.
52
Calculate the highest common factor of 15 and 2055.
15
Calculate the greatest common divisor of 222 and 8769.
111
Calculate the greatest common factor of 399 and 84.
21
What is the greatest common divisor of 1248 and 338?
26
Calculate the highest common divisor of 10 and 285.
5
Calculate the highest common divisor of 380 and 8056.
76
Calculate the greatest common divisor of 49 and 1225.
49
Calculate the highest common divisor of 63 and 72.
9
What is the highest common divisor of 1874 and 6?
2
Calculate the greatest common divisor of 7 and 15141.
7
Calculate the greatest common factor of 4792 and 24.
8
Calculate the greatest common factor of 728 and 52.
52
What is the greatest common divisor of 28 and 189?
7
Calculate the greatest common factor of 14 and 112.
14
What is the highest common factor of 288 and 504?
72
What is the greatest common factor of 800 and 25?
25
Calculate the highest common divisor of 49 and 1323.
49
What is the greatest common factor of 6 and 2664?
6
Calculate the greatest common divisor of 96 and 64.
32
Calculate the greatest common divisor of 20 and 280.
20
Calculate the highest common divisor of 40 and 190.
10
What is the highest common factor of 44 and 550?
22
Calculate the highest common divisor of 682 and 3982.
22
What is the highest common factor of 218 and 2?
2
What is the greatest common divisor of 36 and 24?
12
Calculate the highest common divisor of 90 and 1467.
9
What is the highest common factor of 91 and 104?
13
What i